actor of q and f?
14
Let b = 37 + -28. Calculate the greatest common divisor of b and 36.
9
Let j(c) = c**2 - 3*c - 2. Let l be j(2). Suppose -t + 3 = 0, 3*v + 16 - 4 = 3*t. Let w be l/5*v*5. Calculate the greatest common factor of 36 and w.
4
Suppose 4*o + 11 = 119. Let g be (-6)/27 + 3408/o. What is the highest common factor of g and 14?
14
Let f(d) = 2*d**2. Let i be f(-1). Let g(p) = 1 + 3 + i*p - 1. Let t be g(3). What is the greatest common factor of 9 and t?
9
Let r be ((-11)/5 - -1)/(4/(-10)). Calculate the greatest common factor of 24 and r.
3
Let s(d) = -6*d**3 + 2*d**2 + d. Let k be s(-1). Suppose 0*l + 5*l = 385. Calculate the highest common factor of k and l.
7
Let l(n) = -n**2 - 12*n + 13. Let w be l(-9). Calculate the greatest common divisor of w and 5.
5
Let n = -8 - -24. Suppose 4*d + n = 0, 2*u + 2*d + 0 - 12 = 0. Let r = 2 - 0. Calculate the highest common divisor of u and r.
2
Let q(g) = -g - 1. Let y be q(-1). Suppose y = 2*x - 3*a - 105, -x - 2*a - a = -39. Let p be ((-4)/3)/((-5)/45). Calculate the highest common factor of p and x.
12
Suppose -3*f - 32 = -4*v, 25 + 2 = 3*v - 3*f. Let h = v - 8. Let a be (h/(-6))/(2/200). What is the greatest common divisor of a and 20?
10
Suppose -7*a + 180 = -3*a. Suppose 0*v - a = -3*v. Let b = 80 - 50. What is the greatest common factor of v and b?
15
Suppose 0*d + 10 = d. What is the highest common divisor of d and 10?
10
Let u be ((-20)/(-6))/(10/30). Suppose t - 6 = -16. Let m be (t + 0)*(-1 - 0). What is the greatest common factor of u and m?
10
Suppose 0 = -3*y - 0*k - 2*k + 54, 0 = 3*k - 9. Let m = y + -4. Calculate the greatest common factor of 3 and m.
3
Let m(t) = -t**2 - 6*t + 2. Let u be m(-5). Calculate the highest common divisor of 91 and u.
7
Let z be 8 + 1/1 + -1. Suppose -b = -3*b + 28. Let o = b - z. What is the greatest common divisor of o and 15?
3
Suppose -12 = -3*f + 12. Let z = -1 - -5. What is the greatest common divisor of f and z?
4
Let d(x) = -4*x + 5. Let b be d(10). Let h = b - -52. What is the highest common factor of 68 and h?
17
Suppose -u = 6 - 41. Suppose -2*s = -3*x - 11, 4*x + 16 = 3*s + s. Let o = 11 - x. What is the highest common factor of u and o?
7
Let f(p) be the first derivative of -5*p**2 + 2*p - 3. Let x be f(-2). What is the highest common divisor of 2 and x?
2
Suppose -4*w - 5*i + 28 = -0*i, 3*i + 12 = 0. Calculate the highest common factor of w and 24.
12
Let c(p) = -276*p - 1. Let v be c(-2). Suppose 175 = -4*d + v. Let m = d + -17. What is the highest common factor of m and 7?
7
Suppose 0 = -2*f + 4 + 26. Let v = 27 - f. Suppose 40 = 3*a - 248. What is the highest common divisor of v and a?
12
Let d = -13 + 11. Let o be (-1)/(d/4*-2). Let q be 60/3 - (-1 - o). Calculate the highest common factor of q and 20.
20
Suppose 13 = -d - 4*i + 281, -2*d + 2*i = -516. Suppose 2*k = d - 84. Calculate the highest common divisor of k and 8.
8
Let k = -1 + 6. Suppose -v + 1 + 4 = c, -1 = 3*c - k*v. Calculate the greatest common divisor of c and 15.
3
Let b = 27 + -18. Let n(y) = y - 2. Let q be n(6). Suppose 2*t = -6, q*s = 2*s + t + 57. Calculate the greatest common divisor of s and b.
9
Let b be 14 + 0 + 0/4. What is the highest common factor of 7 and b?
7
Let s(g) = -7*g. Let q be s(-1). Suppose 20 = -5*t + q*t. Calculate the highest common divisor of 40 and t.
10
Suppose 0 = 2*g - 43 + 7. Let k be (-1 - -1)*(-2)/(-4). Suppose 4*v + v - 45 = k. Calculate the greatest common divisor of g and v.
9
Let g = 3 - -5. What is the greatest common divisor of g and 64?
8
Let n(x) be the second derivative of x**5/20 - x**4/3 + 2*x**3/3 - 2*x**2 + 4*x. Let f be n(4). Calculate the highest common factor of 120 and f.
12
Let t(v) = v**3 + 13. Let x be t(0). What is the greatest common divisor of 143 and x?
13
Let h = 74 + -30. What is the greatest common divisor of 11 and h?
11
Let i(k) = 43*k + 3. Let v be i(3). Suppose -3*c + 5*c = -2*w + 36, -3*c + 88 = 5*w. Let j = -5 + w. Calculate the highest common factor of v and j.
12
Suppose n = -5*n + 90. What is the highest common factor of 10 and n?
5
Let v(y) = -y**2 - 7*y - 2. Let u(j) = 2*j**2 - j - 2. Let o be u(-2). Let g be (-50)/o + 3/12. Let i be v(g). Calculate the highest common divisor of 4 and i.
4
Suppose 0 = -4*z + 4*a + 52, 0 = -z - 6*a + 2*a - 12. Let h be 2 - (-24)/(-11) - (-2910)/33. Calculate the greatest common divisor of z and h.
8
Let x(i) = i**3 + i**2 + 2. Let t be x(-2). Let l be (t/4 - 2)*-2. Suppose s = -s + l*j - 14, 2*s + 10 = 4*j. Calculate the greatest common divisor of s and 1.
1
Let g = 5 + -3. Suppose 0 = -2*i - 3 + 7. Calculate the greatest common factor of g and i.
2
Suppose 33 = 3*d - 9. What is the highest common divisor of d and 154?
14
Let p(c) = -c**2 - 17*c - 10. Let o be p(-15). Calculate the greatest common factor of 50 and o.
10
Let a(k) = -2*k - 4*k**2 + 2*k**2 + 4*k**2. Let y be a(-2). Let c be 4*(315/y)/5. What is the greatest common divisor of 7 and c?
7
Suppose 48*u - 14 = 46*u. Calculate the highest common divisor of u and 21.
7
Let w = -50 - -62. What is the highest common factor of 36 and w?
12
Suppose 6*k = 96 + 24. Calculate the highest common divisor of k and 5.
5
Suppose -1 = -5*k + 24. Suppose u + k*t + 12 = -0*u, 3 = -t. Suppose 10 = -u*s + 40. Calculate the greatest common divisor of s and 60.
10
Let m(k) = 41*k + 12. Let l be m(4). What is the highest common factor of 16 and l?
16
Let c(a) = 6*a**2 - 2*a - 1. Let w be c(2). Let g = -12 + w. Suppose 3*h - 112 = -h. What is the highest common divisor of g and h?
7
Let m(t) = -t**3 - t**2 + 12*t + 8. Let k be m(-4). What is the highest common factor of k and 40?
8
Let r(o) = 6*o + 4. Let b be r(6). Let w = -11 + 27. Calculate the greatest common divisor of w and b.
8
Let g(p) = p**3 - 9*p**2 + 12*p - 13. Let i be g(8). Calculate the highest common divisor of 114 and i.
19
Let z(y) = y**2 - y + 19. Let x be z(0). Suppose 7*k + 2*k = 855. What is the greatest common factor of x and k?
19
Suppose 3*r = r + 40. Calculate the greatest common factor of r and 220.
20
Let k(p) = p**2 + 7*p + 7. Let s be k(4). Suppose -4*i = -d + 29, 3*d + 3*i = 8*i + 66. Calculate the greatest common divisor of d and s.
17
Suppose 5*c = 3*c + 64. What is the highest common divisor of 8 and c?
8
Suppose 5 = -5*c + 15, -5*l = 3*c - 336. Let z = -8 - -19. Calculate the greatest common factor of z and l.
11
Let i = 182 - 142. Calculate the greatest common factor of 24 and i.
8
Suppose -3*u + 27 = -42. Let a(n) = -10*n**2 + 105*n - 4. Let j be a(10). What is the highest common divisor of j and u?
23
Let q(y) = 2*y - 2. Let h be q(6). What is the highest common factor of h and 5?
5
Let t be (5 - 4) + (-2)/2. Suppose -2*r + t*r + 48 = 0. What is the highest common divisor of 3 and r?
3
Suppose 3*d - 4*d = 0. Let o be (-2 - (-4 - 40)) + d. Calculate the greatest common factor of 6 and o.
6
Let r = 7 - 3. Suppose c + r = 204. Suppose 2*d = 7*d - c. Calculate the highest common divisor of d and 100.
20
Let s be 3 - (-68 - -3) - 4. What is the greatest common divisor of 16 and s?
16
Let t(n) = -3*n - 26. Let l be t(-20). What is the highest common divisor of l and 34?
34
Let m = 51 - 33. Suppose 31 - 4 = a. What is the highest common divisor of m and a?
9
Suppose j - 37 = 5. What is the highest common divisor of j and 6?
6
Let y = -241 + 297. Let t = 5 + 2. Calculate the highest common divisor of t and y.
7
Let b be (-40)/(-3)*(-18)/(-8). Suppose -3*k = -0*k - b. Calculate the highest common factor of 110 and k.
10
Let f = -3 + 3. Let u(x) = x**3 + x**2 + x + 20. Let s be u(f). What is the greatest common divisor of s and 5?
5
Let p be (-10)/1 + (3 - 1). Suppose -4*m - 5*s = -37, 6*m - 4*m - 16 = -2*s. Let z be 12*m*p/(-6). What is the highest common factor of z and 12?
12
Suppose 16*k + 81 = 241. What is the greatest common factor of k and 80?
10
Let l be (24/10)/(30/225). What is the highest common factor of l and 126?
18
Suppose -g = -44 - 386. Suppose -5*f = 5*h - g, 0 = -4*h - 4*f + 5*f + 354. What is the highest common factor of 22 and h?
22
Suppose 0 = 6*l - 7*l + 8. Suppose -4*c + 75 = 5*j, 123 = 5*c - 3*j + 20. What is the greatest common factor of c and l?
4
Suppose -11*n + 733 + 1995 = 0. What is the highest common divisor of 3